*h - 4 - 21 = 3*a, h + a - 5 = 0. Let d(k) = 19*k**2. What is the remainder when d(1) is divided by h?
4
Let m = 69 - 47. Calculate the remainder when 41 is divided by m.
19
Let t = 34 + -20. What is the remainder when t is divided by 5?
4
Suppose -4*n - 8*w + 3*w + 239 = 0, -w = -3*n + 184. Calculate the remainder when n is divided by 16.
13
Let r(u) = 2*u**2 + 5*u - 3. Calculate the remainder when r(3) is divided by 16.
14
Let g(t) = t**3 - 3*t**2 - 2*t - 7. Suppose 2*l + 2*h = 20, -5*l + l = -h - 15. What is the remainder when g(l) is divided by 12?
9
Let g be (-3)/(-9)*1*12. Suppose -4*l + 9*l - 185 = -3*c, g*l + 2*c = 146. Let x = 84 - l. What is the remainder when x is divided by 17?
16
Let z = 7 + -8. Let g(t) = 78*t**2 + 2*t + 1. What is the remainder when g(z) is divided by 26?
25
Let r = -5 + 15. Calculate the remainder when 34/(-51)*(0 - 27) is divided by r.
8
Let w be (159/(-2 + -1))/(-1). Suppose 0 = -9*f + 4*f + 5*x + 305, -5*x - w = -f. Suppose f = 4*v - 109. What is the remainder when v is divided by 15?
13
Let f(z) = -z**3 - 4*z**2 + 2*z - 5. Let g be f(-5). Suppose -4*x = x - g. What is the remainder when x*4/((-8)/(-3)) is divided by 1?
0
Suppose 0 = 2*b + 3*b. Let f(n) = -n + 3. Calculate the remainder when f(-4) is divided by (-1)/(b + (-3)/12).
3
Let s(w) = 12*w**3 + w**2 - 1. Let p be s(1). Suppose p = 3*b - 6*b. What is the remainder when b - -2 - (-23)/1 is divided by 11?
10
Suppose 2*x - 5*x + 57 = 0. Calculate the remainder when 110 is divided by x.
15
Let l(y) = 3*y**3 - 2*y**2 + y. What is the remainder when 64/40*(3 + 2) is divided by l(1)?
0
Let z(d) = 15*d - 6. Let f(p) = -60*p + 25. Let h(y) = 2*f(y) + 9*z(y). What is the remainder when h(2) is divided by 14?
12
Suppose c = 4*c + 9. Calculate the remainder when 49 is divided by 18 + (0 + c)/3.
15
Let p = -1 - -2. Suppose -p = 2*g - 5*x, 5*g + x - 12 = -x. Suppose -g*q = q - 30. What is the remainder when 29 is divided by q?
9
Suppose -10*v = -810 + 310. Calculate the remainder when v is divided by 14.
8
Let k(x) = -x**2 - x. Let n be k(1). Let j(s) = 2*s**2 - s. What is the remainder when j(n) is divided by 6?
4
Let k = -1 + -1. What is the remainder when ((-203)/(-14))/((-1)/k) is divided by 10?
9
Suppose 5*l + 85 = 4*u, 17 = 4*u + 3*l - 28. Let w = 15 + u. What is the remainder when 8 is divided by w/(-4)*(-6)/9?
3
Suppose -278 = -4*y + 2*u, -4*u = -2*y + 188 - 46. What is the remainder when y is divided by 18?
15
Suppose -3*x - 2*x = -3*u + 204, -3*u + 4*x + 204 = 0. Suppose 6 = -2*a + u. Calculate the remainder when a is divided by 8.
7
Suppose f + 3*y = 21, -f + 26 = y + 3*y. Suppose h = -0*h + 11. What is the remainder when h is divided by f?
5
Suppose -5*u - 109 = -3*l + 2*l, -3*l = 5*u - 227. What is the remainder when l is divided by 29?
26
Suppose -4*x = -36 + 4. Let f = 2 + -2. Calculate the remainder when x is divided by (5 - 2)*(1 - f).
2
Let x = 8 - 4. Suppose -x*b + 2*b = -114. Let g = b - 38. Calculate the remainder when g is divided by 11.
8
Let j = -6 + 6. Suppose 2*f - 5*o + 50 = j, 126 - 26 = -4*f - o. Let t = f - -60. Calculate the remainder when t is divided by 12.
11
Let m = 44 + -21. Suppose 42 = -30*k + 222. What is the remainder when m is divided by k?
5
Let v = -4 - -3. Calculate the remainder when 1/((-6)/(-5) + v) is divided by 4.
1
Let m = 4 - 4. Suppose m*c + 28 = 4*c. Let g = 0 + 4. Calculate the remainder when c is divided by g.
3
Let y = -146 + 181. What is the remainder when 277 is divided by y?
32
Let c(i) = -i**3 + i**2 + 4*i + 5. Let v be c(-4). Suppose -v = 3*j - 5*x - 228, -3*x + 212 = 4*j. What is the remainder when j is divided by 14?
11
Suppose 0 = -3*b + 2*b + 3*n + 17, 15 = 5*n. Calculate the remainder when 310 is divided by b.
24
Suppose 4 = 5*b - 31. Let a = -15 + 11. Let g(s) = -7*s - 3. Calculate the remainder when g(a) is divided by b.
4
Suppose -5*z + 17 + 8 = 0. Suppose -x - 1 = -r + 3*x, -5*x = -2*r + z. What is the remainder when 8 is divided by r?
3
Let v(b) = -4 + 4*b + 5*b - 2*b. Let i = -27 - -59. What is the remainder when i is divided by v(3)?
15
Let g = 18 - 6. Let v = 14 + -6. Let p = v + 14. Calculate the remainder when p is divided by g.
10
What is the remainder when 21 is divided by 352/55 - (-2)/(-5)?
3
Let p(w) = w**2 - w - 1. Suppose -n = 4*n - 370. Let t be (-6)/(-21) - n/14. What is the remainder when p(t) is divided by 10?
9
Let p = 258 - 170. Let t = -37 + p. What is the remainder when t is divided by 18?
15
Let f = -51 - -64. What is the remainder when 37 is divided by f?
11
Let y(m) = -m**2 - 7*m + 7. Let a be y(-8). Let p = 6 + a. Calculate the remainder when p is divided by 4.
1
Suppose 4*q = 7*q - 63. What is the remainder when 41 is divided by q?
20
Suppose -4*d - 11 = -3. Let u(q) = 2*q**2 + 3*q. Let n be u(d). Suppose -f - n*f + 27 = 0. Calculate the remainder when f is divided by 5.
4
Let w = 66 + 9. Calculate the remainder when w is divided by 19.
18
Let s = -167 - -170. Calculate the remainder when 14 is divided by s.
2
What is the remainder when 79 is divided by (-4 - -2) + 174/6?
25
Let a = 19 + -11. Let g(h) = h**2 + 13*h + 7. Let c be -21*(4/6 + 0). Calculate the remainder when g(c) is divided by a.
5
Let z(s) = -s**3 + s**2 + 6*s + 5. What is the remainder when 9 is divided by z(-2)?
4
Suppose 0 = -2*v - 3*u + 2 - 12, 0 = -3*v + 2*u + 11. What is the remainder when 12 is divided by v/3 + 56/12?
2
Let y(v) = -v**2 + 8*v + 11. Suppose -d - d = -16. Let s be y(d). Suppose -2*l = -7 - s. Calculate the remainder when 16 is divided by l.
7
Let q = 25 - 17. What is the remainder when q is divided by 5?
3
Let k(i) = -i**2 - 14*i + 2*i - 5 - 3. Let v(f) = f**2 - 7*f - 2. Let c be v(6). What is the remainder when k(c) is divided by 13?
11
Suppose 4*x - 71 - 264 = -5*h, 2*h - 6 = 0. Suppose -x = -3*d - 2*d. What is the remainder when d is divided by 9?
7
Let o(b) = -b + 47. Let x(j) = -3*j + 140. Let w(u) = -17*o(u) + 6*x(u). What is the remainder when w(0) is divided by 22?
19
Let y(v) = -v**3 + 6*v**2 - 3*v - 5. Let t be y(5). Suppose -4*w + 3*w - 15 = -t*c, 20 = 4*c. Calculate the remainder when 29 is divided by w.
9
Suppose 2*c - 4 = -4*t, 4*c + 5*t = 9*c - 70. Calculate the remainder when 49 is divided by c.
9
Suppose -78 = 4*w - 3*w. Suppose -3*v - 21 = -p, p - 4*p + 50 = 4*v. What is the remainder when w/4*(-24)/9 is divided by p?
16
Let t = 21 + 9. What is the remainder when t is divided by 10 - -3*5/15?
8
Let w(n) = -n + 10. Let p be w(9). Let y(g) = -g**2 + 3*g + 4. Calculate the remainder when 24/4 + 4/p is divided by y(3).
2
Suppose 3*p + 2*p - 15 = 0. Let j = 14 + p. Suppose 7*v - 13*v + 54 = 0. What is the remainder when j is divided by v?
8
Let v(w) = w**2 + 5*w - w + 6 - w. What is the remainder when v(-6) is divided by 1*26/6*3?
11
Suppose 2*d + 174 = 4*i, -4*i - 2*d + 189 = -d. What is the remainder when i is divided by (-4 + 112/(-12))*6/(-5)?
14
Let b(i) = -i**2 - 7*i - 3. Let y be b(-6). Let j be 5/(-1 + -1 + y). Suppose j*v - v = 92. What is the remainder when 45 is divided by v?
22
Suppose 0 = -3*a + 4*a + 33. Let d = a + 47. Calculate the remainder when 55 is divided by d.
13
Let a be (0 - -1) + (-24)/(-3). Suppose -5*z + a = 3*s - 6, z = -3*s + 3. Calculate the remainder when z is divided by 2.
1
Let x(b) = b**2 - b + 5. Calculate the remainder when x(6) is divided by 12.
11
Suppose -3 - 10 = -5*h - 2*r, -2*h + r - 2 = 0. Suppose -2*d - 3 = h. What is the remainder when 9 is divided by (2 + -9 - d)*-1?
4
Let a(w) = w**3 - 4*w**2 - 11. What is the remainder when a(6) is divided by 31?
30
Calculate the remainder when 52 is divided by 6 - 1 - (-3 - 10).
16
Let i(m) = -3*m + 2. Let b be i(-6). Suppose 0 = -4*p - b, -73 = w - 5*w + p. Calculate the remainder when 33 is divided by w.
16
Let o = -25 - -45. Calculate the remainder when o is divided by 11.
9
Let i be (-205)/5 - (-3)/3. What is the remainder when 8/i + 302/10 is divided by 8?
6
Suppose 3 = 2*p - 7. Suppose 4*r + 9 = p*r. What is the remainder when 25 is divided by r?
7
Let v = 29 - 1. Suppose 4*h + 3*c - 435 = 0, -7*c = 2*h - 11*c - 234. Calculate the remainder when h is divided by v.
27
Suppose d = -3*f + 112, 0 = 5*f - 2*f + 15. Calculate the remainder when d is divided by 16.
15
Suppose -u - 3*z 